{"id":1625,"date":"2022-03-30T09:27:15","date_gmt":"2022-03-30T09:27:15","guid":{"rendered":"https:\/\/gorinacloth.es\/politica-de-privacidad\/"},"modified":"2025-06-04T11:28:29","modified_gmt":"2025-06-04T11:28:29","slug":"politica-de-privacidad","status":"publish","type":"page","link":"https:\/\/gorinacloth.es\/es\/politica-de-privacidad\/","title":{"rendered":"Pol\u00edtica de privacidad"},"content":{"rendered":"\n<p>En cumplimiento del Reglamento (UE) 2016\/679 (Reglamento General de Protecci\u00f3n de Datos &#8211; RGPD) y de la Ley Org\u00e1nica 3\/2018 de Protecci\u00f3n de Datos Personales y Garant\u00eda de los Derechos Digitales:<\/p>\n\n<p><strong>Responsable del tratamiento:<\/strong> Evercloth S.L.<br\/><strong>Finalidad:<\/strong> Gestionar pedidos, prestar servicio al cliente y enviar comunicaciones comerciales si se ha dado el consentimiento.<br\/><strong>Base legal:<\/strong> Consentimiento del usuario, ejecuci\u00f3n del contrato y cumplimiento de obligaciones legales.<br\/><strong>Datos personales recogidos:<\/strong> Nombre, direcci\u00f3n de correo electr\u00f3nico, n\u00famero de tel\u00e9fono, direcci\u00f3n de env\u00edo y facturaci\u00f3n, informaci\u00f3n de pago.<br\/><strong>Conservaci\u00f3n de datos:<\/strong> Tus datos s\u00f3lo se conservar\u00e1n durante el tiempo necesario para cumplir los fines para los que fueron recogidos, o para cumplir las obligaciones legales.<br\/><strong>Intercambio de datos:<\/strong> Tus datos pueden ser compartidos con socios log\u00edsticos, plataformas de pago online (como Mollie) y autoridades p\u00fablicas, cuando sea legalmente necesario.<br\/><strong>Derechos del usuario:<\/strong> Tienes derecho a acceder, rectificar, suprimir, limitar u oponerte al tratamiento de tus datos en cualquier momento. Tambi\u00e9n tienes derecho a presentar una reclamaci\u00f3n ante la Agencia Espa\u00f1ola de Protecci\u00f3n de Datos (AEPD). <\/p>\n\n<p>Para cualquier consulta o solicitud, ponte en contacto con nosotros en <strong><a href=\"mailto:sales@gorina.es\">sales@gorina.es<\/a><\/strong><\/p>\n","protected":false},"excerpt":{"rendered":"<p>En cumplimiento del Reglamento (UE) 2016\/679 (Reglamento General de Protecci\u00f3n de Datos &#8211; RGPD) y de la Ley Org\u00e1nica 3\/2018 de Protecci\u00f3n de Datos Personales y Garant\u00eda de los Derechos &hellip;<\/p>\n","protected":false},"author":1,"featured_media":0,"parent":0,"menu_order":0,"comment_status":"closed","ping_status":"closed","template":"","meta":{"_acf_changed":false,"footnotes":""},"class_list":["post-1625","page","type-page","status-publish","hentry"],"acf":[],"yoast_head":"<!-- This site is optimized with the Yoast SEO plugin v27.3 - https:\/\/yoast.com\/product\/yoast-seo-wordpress\/ -->\n<title>Pol\u00edtica de privacidad - Gorina Cloth<\/title>\n<meta name=\"description\" content=\"En cumplimiento del Reglamento (UE) 2016\/679 (Reglamento General de Protecci\u00f3n de Datos - RGPD) y de la Ley Org\u00e1nica 3\/2018 de Protecci\u00f3n de Datos\" \/>\n<meta name=\"robots\" content=\"index, follow, max-snippet:-1, max-image-preview:large, max-video-preview:-1\" \/>\n<link rel=\"canonical\" href=\"https:\/\/gorinacloth.es\/es\/politica-de-privacidad\/\" \/>\n<meta property=\"og:locale\" content=\"es_ES\" \/>\n<meta property=\"og:type\" content=\"article\" \/>\n<meta property=\"og:title\" content=\"Pol\u00edtica de privacidad - Gorina Cloth\" \/>\n<meta property=\"og:description\" content=\"En cumplimiento del Reglamento (UE) 2016\/679 (Reglamento General de Protecci\u00f3n de Datos - RGPD) y de la Ley Org\u00e1nica 3\/2018 de Protecci\u00f3n de Datos\" \/>\n<meta property=\"og:url\" content=\"https:\/\/gorinacloth.es\/es\/politica-de-privacidad\/\" \/>\n<meta property=\"og:site_name\" content=\"Gorina Cloth\" \/>\n<meta property=\"article:modified_time\" content=\"2025-06-04T11:28:29+00:00\" \/>\n<meta name=\"twitter:card\" content=\"summary_large_image\" \/>\n<meta name=\"twitter:label1\" content=\"Tiempo de lectura\" \/>\n\t<meta name=\"twitter:data1\" content=\"1 minuto\" \/>\n<script type=\"application\/ld+json\" class=\"yoast-schema-graph\">{\"@context\":\"https:\\\/\\\/schema.org\",\"@graph\":[{\"@type\":\"WebPage\",\"@id\":\"https:\\\/\\\/gorinacloth.es\\\/es\\\/politica-de-privacidad\\\/\",\"url\":\"https:\\\/\\\/gorinacloth.es\\\/es\\\/politica-de-privacidad\\\/\",\"name\":\"Pol\u00edtica de privacidad - Gorina Cloth\",\"isPartOf\":{\"@id\":\"https:\\\/\\\/gorinacloth.es\\\/es\\\/#website\"},\"datePublished\":\"2022-03-30T09:27:15+00:00\",\"dateModified\":\"2025-06-04T11:28:29+00:00\",\"description\":\"En cumplimiento del Reglamento (UE) 2016\\\/679 (Reglamento General de Protecci\u00f3n de Datos - RGPD) y de la Ley Org\u00e1nica 3\\\/2018 de Protecci\u00f3n de Datos\",\"breadcrumb\":{\"@id\":\"https:\\\/\\\/gorinacloth.es\\\/es\\\/politica-de-privacidad\\\/#breadcrumb\"},\"inLanguage\":\"es\",\"potentialAction\":[{\"@type\":\"ReadAction\",\"target\":[\"https:\\\/\\\/gorinacloth.es\\\/es\\\/politica-de-privacidad\\\/\"]}]},{\"@type\":\"BreadcrumbList\",\"@id\":\"https:\\\/\\\/gorinacloth.es\\\/es\\\/politica-de-privacidad\\\/#breadcrumb\",\"itemListElement\":[{\"@type\":\"ListItem\",\"position\":1,\"name\":\"Portada\",\"item\":\"https:\\\/\\\/gorinacloth.es\\\/es\\\/\"},{\"@type\":\"ListItem\",\"position\":2,\"name\":\"Pol\u00edtica de privacidad\"}]},{\"@type\":\"WebSite\",\"@id\":\"https:\\\/\\\/gorinacloth.es\\\/es\\\/#website\",\"url\":\"https:\\\/\\\/gorinacloth.es\\\/es\\\/\",\"name\":\"Gorina Cloth\",\"description\":\"\",\"publisher\":{\"@id\":\"https:\\\/\\\/gorinacloth.es\\\/es\\\/#organization\"},\"potentialAction\":[{\"@type\":\"SearchAction\",\"target\":{\"@type\":\"EntryPoint\",\"urlTemplate\":\"https:\\\/\\\/gorinacloth.es\\\/es\\\/?s={search_term_string}\"},\"query-input\":{\"@type\":\"PropertyValueSpecification\",\"valueRequired\":true,\"valueName\":\"search_term_string\"}}],\"inLanguage\":\"es\"},{\"@type\":\"Organization\",\"@id\":\"https:\\\/\\\/gorinacloth.es\\\/es\\\/#organization\",\"name\":\"Gorina Cloth\",\"url\":\"https:\\\/\\\/gorinacloth.es\\\/es\\\/\",\"logo\":{\"@type\":\"ImageObject\",\"inLanguage\":\"es\",\"@id\":\"https:\\\/\\\/gorinacloth.es\\\/es\\\/#\\\/schema\\\/logo\\\/image\\\/\",\"url\":\"https:\\\/\\\/gorinacloth.es\\\/wp-content\\\/uploads\\\/logo-gorina-white.svg\",\"contentUrl\":\"https:\\\/\\\/gorinacloth.es\\\/wp-content\\\/uploads\\\/logo-gorina-white.svg\",\"width\":143,\"height\":53,\"caption\":\"Gorina Cloth\"},\"image\":{\"@id\":\"https:\\\/\\\/gorinacloth.es\\\/es\\\/#\\\/schema\\\/logo\\\/image\\\/\"}}]}<\/script>\n<!-- \/ Yoast SEO plugin. -->","yoast_head_json":{"title":"Pol\u00edtica de privacidad - Gorina Cloth","description":"En cumplimiento del Reglamento (UE) 2016\/679 (Reglamento General de Protecci\u00f3n de Datos - RGPD) y de la Ley Org\u00e1nica 3\/2018 de Protecci\u00f3n de Datos","robots":{"index":"index","follow":"follow","max-snippet":"max-snippet:-1","max-image-preview":"max-image-preview:large","max-video-preview":"max-video-preview:-1"},"canonical":"https:\/\/gorinacloth.es\/es\/politica-de-privacidad\/","og_locale":"es_ES","og_type":"article","og_title":"Pol\u00edtica de privacidad - Gorina Cloth","og_description":"En cumplimiento del Reglamento (UE) 2016\/679 (Reglamento General de Protecci\u00f3n de Datos - RGPD) y de la Ley Org\u00e1nica 3\/2018 de Protecci\u00f3n de Datos","og_url":"https:\/\/gorinacloth.es\/es\/politica-de-privacidad\/","og_site_name":"Gorina Cloth","article_modified_time":"2025-06-04T11:28:29+00:00","twitter_card":"summary_large_image","twitter_misc":{"Tiempo de lectura":"1 minuto"},"schema":{"@context":"https:\/\/schema.org","@graph":[{"@type":"WebPage","@id":"https:\/\/gorinacloth.es\/es\/politica-de-privacidad\/","url":"https:\/\/gorinacloth.es\/es\/politica-de-privacidad\/","name":"Pol\u00edtica de privacidad - Gorina Cloth","isPartOf":{"@id":"https:\/\/gorinacloth.es\/es\/#website"},"datePublished":"2022-03-30T09:27:15+00:00","dateModified":"2025-06-04T11:28:29+00:00","description":"En cumplimiento del Reglamento (UE) 2016\/679 (Reglamento General de Protecci\u00f3n de Datos - RGPD) y de la Ley Org\u00e1nica 3\/2018 de Protecci\u00f3n de Datos","breadcrumb":{"@id":"https:\/\/gorinacloth.es\/es\/politica-de-privacidad\/#breadcrumb"},"inLanguage":"es","potentialAction":[{"@type":"ReadAction","target":["https:\/\/gorinacloth.es\/es\/politica-de-privacidad\/"]}]},{"@type":"BreadcrumbList","@id":"https:\/\/gorinacloth.es\/es\/politica-de-privacidad\/#breadcrumb","itemListElement":[{"@type":"ListItem","position":1,"name":"Portada","item":"https:\/\/gorinacloth.es\/es\/"},{"@type":"ListItem","position":2,"name":"Pol\u00edtica de privacidad"}]},{"@type":"WebSite","@id":"https:\/\/gorinacloth.es\/es\/#website","url":"https:\/\/gorinacloth.es\/es\/","name":"Gorina Cloth","description":"","publisher":{"@id":"https:\/\/gorinacloth.es\/es\/#organization"},"potentialAction":[{"@type":"SearchAction","target":{"@type":"EntryPoint","urlTemplate":"https:\/\/gorinacloth.es\/es\/?s={search_term_string}"},"query-input":{"@type":"PropertyValueSpecification","valueRequired":true,"valueName":"search_term_string"}}],"inLanguage":"es"},{"@type":"Organization","@id":"https:\/\/gorinacloth.es\/es\/#organization","name":"Gorina Cloth","url":"https:\/\/gorinacloth.es\/es\/","logo":{"@type":"ImageObject","inLanguage":"es","@id":"https:\/\/gorinacloth.es\/es\/#\/schema\/logo\/image\/","url":"https:\/\/gorinacloth.es\/wp-content\/uploads\/logo-gorina-white.svg","contentUrl":"https:\/\/gorinacloth.es\/wp-content\/uploads\/logo-gorina-white.svg","width":143,"height":53,"caption":"Gorina Cloth"},"image":{"@id":"https:\/\/gorinacloth.es\/es\/#\/schema\/logo\/image\/"}}]}},"_links":{"self":[{"href":"https:\/\/gorinacloth.es\/es\/wp-json\/wp\/v2\/pages\/1625","targetHints":{"allow":["GET"]}}],"collection":[{"href":"https:\/\/gorinacloth.es\/es\/wp-json\/wp\/v2\/pages"}],"about":[{"href":"https:\/\/gorinacloth.es\/es\/wp-json\/wp\/v2\/types\/page"}],"author":[{"embeddable":true,"href":"https:\/\/gorinacloth.es\/es\/wp-json\/wp\/v2\/users\/1"}],"replies":[{"embeddable":true,"href":"https:\/\/gorinacloth.es\/es\/wp-json\/wp\/v2\/comments?post=1625"}],"version-history":[{"count":0,"href":"https:\/\/gorinacloth.es\/es\/wp-json\/wp\/v2\/pages\/1625\/revisions"}],"wp:attachment":[{"href":"https:\/\/gorinacloth.es\/es\/wp-json\/wp\/v2\/media?parent=1625"}],"curies":[{"name":"wp","href":"https:\/\/api.w.org\/{rel}","templated":true}]}}

Política de privacidad

<p>En cumplimiento del Reglamento (UE) 2016/679 (Reglamento General de Protección de Datos &#8211; RGPD) y de la Ley Orgánica 3/2018 de Protección de Datos Personales y Garantía de los Derechos Digitales:</p>

<p><strong>Responsable del tratamiento:</strong> Evercloth S.L.<br/><strong>Finalidad:</strong> Gestionar pedidos, prestar servicio al cliente y enviar comunicaciones comerciales si se ha dado el consentimiento.<br/><strong>Base legal:</strong> Consentimiento del usuario, ejecución del contrato y cumplimiento de obligaciones legales.<br/><strong>Datos personales recogidos:</strong> Nombre, dirección de correo electrónico, número de teléfono, dirección de envío y facturación, información de pago.<br/><strong>Conservación de datos:</strong> Tus datos sólo se conservarán durante el tiempo necesario para cumplir los fines para los que fueron recogidos, o para cumplir las obligaciones legales.<br/><strong>Intercambio de datos:</strong> Tus datos pueden ser compartidos con socios logísticos, plataformas de pago online (como Mollie) y autoridades públicas, cuando sea legalmente necesario.<br/><strong>Derechos del usuario:</strong> Tienes derecho a acceder, rectificar, suprimir, limitar u oponerte al tratamiento de tus datos en cualquier momento. También tienes derecho a presentar una reclamación ante la Agencia Española de Protección de Datos (AEPD). </p>

<p>Para cualquier consulta o solicitud, ponte en contacto con nosotros en <strong><a href="mailto:sales@gorina.es">sales@gorina.es</a></strong></p>

<p>En cumplimiento del Reglamento (UE) 2016/679 (Reglamento General de Protección de Datos &#8211; RGPD) y de la Ley Orgánica 3/2018 de Protección de Datos Personales y Garantía de los Derechos &hellip;</p>

<!-- This site is optimized with the Yoast SEO plugin v27.3 - https://yoast.com/product/yoast-seo-wordpress/ -->
<title>Política de privacidad - Gorina Cloth</title>
<meta name="description" content="En cumplimiento del Reglamento (UE) 2016/679 (Reglamento General de Protección de Datos - RGPD) y de la Ley Orgánica 3/2018 de Protección de Datos" />
<meta name="robots" content="index, follow, max-snippet:-1, max-image-preview:large, max-video-preview:-1" />
<link rel="canonical" href="https://gorinacloth.es/es/politica-de-privacidad/" />
<meta property="og:locale" content="es_ES" />
<meta property="og:type" content="article" />
<meta property="og:title" content="Política de privacidad - Gorina Cloth" />
<meta property="og:description" content="En cumplimiento del Reglamento (UE) 2016/679 (Reglamento General de Protección de Datos - RGPD) y de la Ley Orgánica 3/2018 de Protección de Datos" />
<meta property="og:url" content="https://gorinacloth.es/es/politica-de-privacidad/" />
<meta property="og:site_name" content="Gorina Cloth" />
<meta property="article:modified_time" content="2025-06-04T11:28:29+00:00" />
<meta name="twitter:card" content="summary_large_image" />
<meta name="twitter:label1" content="Tiempo de lectura" />
	<meta name="twitter:data1" content="1 minuto" />
<script type="application/ld+json" class="yoast-schema-graph">{"@context":"https:\/\/schema.org","@graph":[{"@type":"WebPage","@id":"https:\/\/gorinacloth.es\/es\/politica-de-privacidad\/","url":"https:\/\/gorinacloth.es\/es\/politica-de-privacidad\/","name":"Política de privacidad - Gorina Cloth","isPartOf":{"@id":"https:\/\/gorinacloth.es\/es\/#website"},"datePublished":"2022-03-30T09:27:15+00:00","dateModified":"2025-06-04T11:28:29+00:00","description":"En cumplimiento del Reglamento (UE) 2016\/679 (Reglamento General de Protección de Datos - RGPD) y de la Ley Orgánica 3\/2018 de Protección de Datos","breadcrumb":{"@id":"https:\/\/gorinacloth.es\/es\/politica-de-privacidad\/#breadcrumb"},"inLanguage":"es","potentialAction":[{"@type":"ReadAction","target":["https:\/\/gorinacloth.es\/es\/politica-de-privacidad\/"]}]},{"@type":"BreadcrumbList","@id":"https:\/\/gorinacloth.es\/es\/politica-de-privacidad\/#breadcrumb","itemListElement":[{"@type":"ListItem","position":1,"name":"Portada","item":"https:\/\/gorinacloth.es\/es\/"},{"@type":"ListItem","position":2,"name":"Política de privacidad"}]},{"@type":"WebSite","@id":"https:\/\/gorinacloth.es\/es\/#website","url":"https:\/\/gorinacloth.es\/es\/","name":"Gorina Cloth","description":"","publisher":{"@id":"https:\/\/gorinacloth.es\/es\/#organization"},"potentialAction":[{"@type":"SearchAction","target":{"@type":"EntryPoint","urlTemplate":"https:\/\/gorinacloth.es\/es\/?s={search_term_string}"},"query-input":{"@type":"PropertyValueSpecification","valueRequired":true,"valueName":"search_term_string"}}],"inLanguage":"es"},{"@type":"Organization","@id":"https:\/\/gorinacloth.es\/es\/#organization","name":"Gorina Cloth","url":"https:\/\/gorinacloth.es\/es\/","logo":{"@type":"ImageObject","inLanguage":"es","@id":"https:\/\/gorinacloth.es\/es\/#\/schema\/logo\/image\/","url":"https:\/\/gorinacloth.es\/wp-content\/uploads\/logo-gorina-white.svg","contentUrl":"https:\/\/gorinacloth.es\/wp-content\/uploads\/logo-gorina-white.svg","width":143,"height":53,"caption":"Gorina Cloth"},"image":{"@id":"https:\/\/gorinacloth.es\/es\/#\/schema\/logo\/image\/"}}]}</script>
<!-- / Yoast SEO plugin. -->

Política de privacidad - Gorina Cloth

En cumplimiento del Reglamento (UE) 2016/679 (Reglamento General de Protección de Datos - RGPD) y de la Ley Orgánica 3/2018 de Protección de Datos
