{"id":1630,"date":"2022-03-30T09:27:15","date_gmt":"2022-03-30T09:27:15","guid":{"rendered":"https:\/\/gorinacloth.es\/politique-de-confidentialite\/"},"modified":"2025-06-04T11:28:29","modified_gmt":"2025-06-04T11:28:29","slug":"politique-de-confidentialite","status":"publish","type":"page","link":"https:\/\/gorinacloth.es\/fr\/politique-de-confidentialite\/","title":{"rendered":"Politique de confidentialit\u00e9"},"content":{"rendered":"\n<p>Conform\u00e9ment au r\u00e8glement (UE) 2016\/679 (r\u00e8glement g\u00e9n\u00e9ral sur la protection des donn\u00e9es &#8211; RGPD) et \u00e0 la loi organique 3\/2018 sur la protection des donn\u00e9es personnelles et la garantie des droits num\u00e9riques :<\/p>\n\n<p><strong>Contr\u00f4leur de donn\u00e9es :<\/strong> Evercloth S.L.<br\/><strong>Objectif :<\/strong> g\u00e9rer les commandes, fournir un service \u00e0 la client\u00e8le et envoyer des communications commerciales si le consentement a \u00e9t\u00e9 donn\u00e9.<br\/><strong>Base juridique :<\/strong> Consentement de l&#8217;utilisateur, ex\u00e9cution du contrat et respect des obligations l\u00e9gales.<br\/><strong>Donn\u00e9es personnelles collect\u00e9es :<\/strong> Nom, adresse \u00e9lectronique, num\u00e9ro de t\u00e9l\u00e9phone, adresse de livraison et de facturation, informations de paiement.<br\/><strong>Stockage des donn\u00e9es :<\/strong> Vos donn\u00e9es ne seront conserv\u00e9es que le temps n\u00e9cessaire pour atteindre les objectifs pour lesquels elles ont \u00e9t\u00e9 collect\u00e9es, ou pour se conformer aux obligations l\u00e9gales.<br\/><strong>Partage des donn\u00e9es :<\/strong> Vos donn\u00e9es peuvent \u00eatre partag\u00e9es avec des partenaires logistiques, des plateformes de paiement en ligne (telles que Mollie) et les autorit\u00e9s publiques, lorsque la loi l&#8217;exige.<br\/><strong>Droits de l&#8217;utilisateur :<\/strong> Vous avez le droit d&#8217;acc\u00e9der \u00e0 vos donn\u00e9es, de les rectifier, de les supprimer, de les restreindre ou de vous opposer \u00e0 leur traitement \u00e0 tout moment. Vous avez \u00e9galement le droit de d\u00e9poser une plainte aupr\u00e8s de l&#8217;Agence espagnole de protection des donn\u00e9es (AEPD). <\/p>\n\n<p>Pour toute question ou demande, veuillez nous contacter \u00e0 l&#8217;adresse suivante : <strong><a href=\"mailto:sales@gorina.es\">sales@gorina.es<\/a><\/strong><\/p>\n","protected":false},"excerpt":{"rendered":"<p>Conform\u00e9ment au r\u00e8glement (UE) 2016\/679 (r\u00e8glement g\u00e9n\u00e9ral sur la protection des donn\u00e9es &#8211; RGPD) et \u00e0 la loi organique 3\/2018 sur la protection des donn\u00e9es personnelles et la garantie des &hellip;<\/p>\n","protected":false},"author":1,"featured_media":0,"parent":0,"menu_order":0,"comment_status":"closed","ping_status":"closed","template":"","meta":{"_acf_changed":false,"footnotes":""},"class_list":["post-1630","page","type-page","status-publish","hentry"],"acf":[],"yoast_head":"<!-- This site is optimized with the Yoast SEO plugin v27.3 - https:\/\/yoast.com\/product\/yoast-seo-wordpress\/ -->\n<title>Politique de confidentialit\u00e9 - Gorina Cloth<\/title>\n<meta name=\"description\" content=\"Conform\u00e9ment au r\u00e8glement (UE) 2016\/679 (r\u00e8glement g\u00e9n\u00e9ral sur la protection des donn\u00e9es - RGPD) et \u00e0 la loi organique 3\/2018 sur la protection des\" \/>\n<meta name=\"robots\" content=\"index, follow, max-snippet:-1, max-image-preview:large, max-video-preview:-1\" \/>\n<link rel=\"canonical\" href=\"https:\/\/gorinacloth.es\/fr\/politique-de-confidentialite\/\" \/>\n<meta property=\"og:locale\" content=\"fr_FR\" \/>\n<meta property=\"og:type\" content=\"article\" \/>\n<meta property=\"og:title\" content=\"Politique de confidentialit\u00e9 - Gorina Cloth\" \/>\n<meta property=\"og:description\" content=\"Conform\u00e9ment au r\u00e8glement (UE) 2016\/679 (r\u00e8glement g\u00e9n\u00e9ral sur la protection des donn\u00e9es - RGPD) et \u00e0 la loi organique 3\/2018 sur la protection des\" \/>\n<meta property=\"og:url\" content=\"https:\/\/gorinacloth.es\/fr\/politique-de-confidentialite\/\" \/>\n<meta property=\"og:site_name\" content=\"Gorina Cloth\" \/>\n<meta property=\"article:modified_time\" content=\"2025-06-04T11:28:29+00:00\" \/>\n<meta name=\"twitter:card\" content=\"summary_large_image\" \/>\n<meta name=\"twitter:label1\" content=\"Dur\u00e9e de lecture estim\u00e9e\" \/>\n\t<meta name=\"twitter:data1\" content=\"1 minute\" \/>\n<script type=\"application\/ld+json\" class=\"yoast-schema-graph\">{\"@context\":\"https:\\\/\\\/schema.org\",\"@graph\":[{\"@type\":\"WebPage\",\"@id\":\"https:\\\/\\\/gorinacloth.es\\\/fr\\\/politique-de-confidentialite\\\/\",\"url\":\"https:\\\/\\\/gorinacloth.es\\\/fr\\\/politique-de-confidentialite\\\/\",\"name\":\"Politique de confidentialit\u00e9 - Gorina Cloth\",\"isPartOf\":{\"@id\":\"https:\\\/\\\/gorinacloth.es\\\/fr\\\/#website\"},\"datePublished\":\"2022-03-30T09:27:15+00:00\",\"dateModified\":\"2025-06-04T11:28:29+00:00\",\"description\":\"Conform\u00e9ment au r\u00e8glement (UE) 2016\\\/679 (r\u00e8glement g\u00e9n\u00e9ral sur la protection des donn\u00e9es - RGPD) et \u00e0 la loi organique 3\\\/2018 sur la protection des\",\"breadcrumb\":{\"@id\":\"https:\\\/\\\/gorinacloth.es\\\/fr\\\/politique-de-confidentialite\\\/#breadcrumb\"},\"inLanguage\":\"fr-FR\",\"potentialAction\":[{\"@type\":\"ReadAction\",\"target\":[\"https:\\\/\\\/gorinacloth.es\\\/fr\\\/politique-de-confidentialite\\\/\"]}]},{\"@type\":\"BreadcrumbList\",\"@id\":\"https:\\\/\\\/gorinacloth.es\\\/fr\\\/politique-de-confidentialite\\\/#breadcrumb\",\"itemListElement\":[{\"@type\":\"ListItem\",\"position\":1,\"name\":\"Portada\",\"item\":\"https:\\\/\\\/gorinacloth.es\\\/fr\\\/pagina-principal\\\/\"},{\"@type\":\"ListItem\",\"position\":2,\"name\":\"Politique de confidentialit\u00e9\"}]},{\"@type\":\"WebSite\",\"@id\":\"https:\\\/\\\/gorinacloth.es\\\/fr\\\/#website\",\"url\":\"https:\\\/\\\/gorinacloth.es\\\/fr\\\/\",\"name\":\"Gorina Cloth\",\"description\":\"\",\"publisher\":{\"@id\":\"https:\\\/\\\/gorinacloth.es\\\/fr\\\/#organization\"},\"potentialAction\":[{\"@type\":\"SearchAction\",\"target\":{\"@type\":\"EntryPoint\",\"urlTemplate\":\"https:\\\/\\\/gorinacloth.es\\\/fr\\\/?s={search_term_string}\"},\"query-input\":{\"@type\":\"PropertyValueSpecification\",\"valueRequired\":true,\"valueName\":\"search_term_string\"}}],\"inLanguage\":\"fr-FR\"},{\"@type\":\"Organization\",\"@id\":\"https:\\\/\\\/gorinacloth.es\\\/fr\\\/#organization\",\"name\":\"Gorina Cloth\",\"url\":\"https:\\\/\\\/gorinacloth.es\\\/fr\\\/\",\"logo\":{\"@type\":\"ImageObject\",\"inLanguage\":\"fr-FR\",\"@id\":\"https:\\\/\\\/gorinacloth.es\\\/fr\\\/#\\\/schema\\\/logo\\\/image\\\/\",\"url\":\"https:\\\/\\\/gorinacloth.es\\\/wp-content\\\/uploads\\\/logo-gorina-white.svg\",\"contentUrl\":\"https:\\\/\\\/gorinacloth.es\\\/wp-content\\\/uploads\\\/logo-gorina-white.svg\",\"width\":143,\"height\":53,\"caption\":\"Gorina Cloth\"},\"image\":{\"@id\":\"https:\\\/\\\/gorinacloth.es\\\/fr\\\/#\\\/schema\\\/logo\\\/image\\\/\"}}]}<\/script>\n<!-- \/ Yoast SEO plugin. -->","yoast_head_json":{"title":"Politique de confidentialit\u00e9 - Gorina Cloth","description":"Conform\u00e9ment au r\u00e8glement (UE) 2016\/679 (r\u00e8glement g\u00e9n\u00e9ral sur la protection des donn\u00e9es - RGPD) et \u00e0 la loi organique 3\/2018 sur la protection des","robots":{"index":"index","follow":"follow","max-snippet":"max-snippet:-1","max-image-preview":"max-image-preview:large","max-video-preview":"max-video-preview:-1"},"canonical":"https:\/\/gorinacloth.es\/fr\/politique-de-confidentialite\/","og_locale":"fr_FR","og_type":"article","og_title":"Politique de confidentialit\u00e9 - Gorina Cloth","og_description":"Conform\u00e9ment au r\u00e8glement (UE) 2016\/679 (r\u00e8glement g\u00e9n\u00e9ral sur la protection des donn\u00e9es - RGPD) et \u00e0 la loi organique 3\/2018 sur la protection des","og_url":"https:\/\/gorinacloth.es\/fr\/politique-de-confidentialite\/","og_site_name":"Gorina Cloth","article_modified_time":"2025-06-04T11:28:29+00:00","twitter_card":"summary_large_image","twitter_misc":{"Dur\u00e9e de lecture estim\u00e9e":"1 minute"},"schema":{"@context":"https:\/\/schema.org","@graph":[{"@type":"WebPage","@id":"https:\/\/gorinacloth.es\/fr\/politique-de-confidentialite\/","url":"https:\/\/gorinacloth.es\/fr\/politique-de-confidentialite\/","name":"Politique de confidentialit\u00e9 - Gorina Cloth","isPartOf":{"@id":"https:\/\/gorinacloth.es\/fr\/#website"},"datePublished":"2022-03-30T09:27:15+00:00","dateModified":"2025-06-04T11:28:29+00:00","description":"Conform\u00e9ment au r\u00e8glement (UE) 2016\/679 (r\u00e8glement g\u00e9n\u00e9ral sur la protection des donn\u00e9es - RGPD) et \u00e0 la loi organique 3\/2018 sur la protection des","breadcrumb":{"@id":"https:\/\/gorinacloth.es\/fr\/politique-de-confidentialite\/#breadcrumb"},"inLanguage":"fr-FR","potentialAction":[{"@type":"ReadAction","target":["https:\/\/gorinacloth.es\/fr\/politique-de-confidentialite\/"]}]},{"@type":"BreadcrumbList","@id":"https:\/\/gorinacloth.es\/fr\/politique-de-confidentialite\/#breadcrumb","itemListElement":[{"@type":"ListItem","position":1,"name":"Portada","item":"https:\/\/gorinacloth.es\/fr\/pagina-principal\/"},{"@type":"ListItem","position":2,"name":"Politique de confidentialit\u00e9"}]},{"@type":"WebSite","@id":"https:\/\/gorinacloth.es\/fr\/#website","url":"https:\/\/gorinacloth.es\/fr\/","name":"Gorina Cloth","description":"","publisher":{"@id":"https:\/\/gorinacloth.es\/fr\/#organization"},"potentialAction":[{"@type":"SearchAction","target":{"@type":"EntryPoint","urlTemplate":"https:\/\/gorinacloth.es\/fr\/?s={search_term_string}"},"query-input":{"@type":"PropertyValueSpecification","valueRequired":true,"valueName":"search_term_string"}}],"inLanguage":"fr-FR"},{"@type":"Organization","@id":"https:\/\/gorinacloth.es\/fr\/#organization","name":"Gorina Cloth","url":"https:\/\/gorinacloth.es\/fr\/","logo":{"@type":"ImageObject","inLanguage":"fr-FR","@id":"https:\/\/gorinacloth.es\/fr\/#\/schema\/logo\/image\/","url":"https:\/\/gorinacloth.es\/wp-content\/uploads\/logo-gorina-white.svg","contentUrl":"https:\/\/gorinacloth.es\/wp-content\/uploads\/logo-gorina-white.svg","width":143,"height":53,"caption":"Gorina Cloth"},"image":{"@id":"https:\/\/gorinacloth.es\/fr\/#\/schema\/logo\/image\/"}}]}},"_links":{"self":[{"href":"https:\/\/gorinacloth.es\/fr\/wp-json\/wp\/v2\/pages\/1630","targetHints":{"allow":["GET"]}}],"collection":[{"href":"https:\/\/gorinacloth.es\/fr\/wp-json\/wp\/v2\/pages"}],"about":[{"href":"https:\/\/gorinacloth.es\/fr\/wp-json\/wp\/v2\/types\/page"}],"author":[{"embeddable":true,"href":"https:\/\/gorinacloth.es\/fr\/wp-json\/wp\/v2\/users\/1"}],"replies":[{"embeddable":true,"href":"https:\/\/gorinacloth.es\/fr\/wp-json\/wp\/v2\/comments?post=1630"}],"version-history":[{"count":0,"href":"https:\/\/gorinacloth.es\/fr\/wp-json\/wp\/v2\/pages\/1630\/revisions"}],"wp:attachment":[{"href":"https:\/\/gorinacloth.es\/fr\/wp-json\/wp\/v2\/media?parent=1630"}],"curies":[{"name":"wp","href":"https:\/\/api.w.org\/{rel}","templated":true}]}}

Politique de confidentialité

<p>Conformément au règlement (UE) 2016/679 (règlement général sur la protection des données &#8211; RGPD) et à la loi organique 3/2018 sur la protection des données personnelles et la garantie des droits numériques :</p>

<p><strong>Contrôleur de données :</strong> Evercloth S.L.<br/><strong>Objectif :</strong> gérer les commandes, fournir un service à la clientèle et envoyer des communications commerciales si le consentement a été donné.<br/><strong>Base juridique :</strong> Consentement de l&#8217;utilisateur, exécution du contrat et respect des obligations légales.<br/><strong>Données personnelles collectées :</strong> Nom, adresse électronique, numéro de téléphone, adresse de livraison et de facturation, informations de paiement.<br/><strong>Stockage des données :</strong> Vos données ne seront conservées que le temps nécessaire pour atteindre les objectifs pour lesquels elles ont été collectées, ou pour se conformer aux obligations légales.<br/><strong>Partage des données :</strong> Vos données peuvent être partagées avec des partenaires logistiques, des plateformes de paiement en ligne (telles que Mollie) et les autorités publiques, lorsque la loi l&#8217;exige.<br/><strong>Droits de l&#8217;utilisateur :</strong> Vous avez le droit d&#8217;accéder à vos données, de les rectifier, de les supprimer, de les restreindre ou de vous opposer à leur traitement à tout moment. Vous avez également le droit de déposer une plainte auprès de l&#8217;Agence espagnole de protection des données (AEPD). </p>

<p>Pour toute question ou demande, veuillez nous contacter à l&#8217;adresse suivante : <strong><a href="mailto:sales@gorina.es">sales@gorina.es</a></strong></p>

<p>Conformément au règlement (UE) 2016/679 (règlement général sur la protection des données &#8211; RGPD) et à la loi organique 3/2018 sur la protection des données personnelles et la garantie des &hellip;</p>

<!-- This site is optimized with the Yoast SEO plugin v27.3 - https://yoast.com/product/yoast-seo-wordpress/ -->
<title>Politique de confidentialité - Gorina Cloth</title>
<meta name="description" content="Conformément au règlement (UE) 2016/679 (règlement général sur la protection des données - RGPD) et à la loi organique 3/2018 sur la protection des" />
<meta name="robots" content="index, follow, max-snippet:-1, max-image-preview:large, max-video-preview:-1" />
<link rel="canonical" href="https://gorinacloth.es/fr/politique-de-confidentialite/" />
<meta property="og:locale" content="fr_FR" />
<meta property="og:type" content="article" />
<meta property="og:title" content="Politique de confidentialité - Gorina Cloth" />
<meta property="og:description" content="Conformément au règlement (UE) 2016/679 (règlement général sur la protection des données - RGPD) et à la loi organique 3/2018 sur la protection des" />
<meta property="og:url" content="https://gorinacloth.es/fr/politique-de-confidentialite/" />
<meta property="og:site_name" content="Gorina Cloth" />
<meta property="article:modified_time" content="2025-06-04T11:28:29+00:00" />
<meta name="twitter:card" content="summary_large_image" />
<meta name="twitter:label1" content="Durée de lecture estimée" />
	<meta name="twitter:data1" content="1 minute" />
<script type="application/ld+json" class="yoast-schema-graph">{"@context":"https:\/\/schema.org","@graph":[{"@type":"WebPage","@id":"https:\/\/gorinacloth.es\/fr\/politique-de-confidentialite\/","url":"https:\/\/gorinacloth.es\/fr\/politique-de-confidentialite\/","name":"Politique de confidentialité - Gorina Cloth","isPartOf":{"@id":"https:\/\/gorinacloth.es\/fr\/#website"},"datePublished":"2022-03-30T09:27:15+00:00","dateModified":"2025-06-04T11:28:29+00:00","description":"Conformément au règlement (UE) 2016\/679 (règlement général sur la protection des données - RGPD) et à la loi organique 3\/2018 sur la protection des","breadcrumb":{"@id":"https:\/\/gorinacloth.es\/fr\/politique-de-confidentialite\/#breadcrumb"},"inLanguage":"fr-FR","potentialAction":[{"@type":"ReadAction","target":["https:\/\/gorinacloth.es\/fr\/politique-de-confidentialite\/"]}]},{"@type":"BreadcrumbList","@id":"https:\/\/gorinacloth.es\/fr\/politique-de-confidentialite\/#breadcrumb","itemListElement":[{"@type":"ListItem","position":1,"name":"Portada","item":"https:\/\/gorinacloth.es\/fr\/pagina-principal\/"},{"@type":"ListItem","position":2,"name":"Politique de confidentialité"}]},{"@type":"WebSite","@id":"https:\/\/gorinacloth.es\/fr\/#website","url":"https:\/\/gorinacloth.es\/fr\/","name":"Gorina Cloth","description":"","publisher":{"@id":"https:\/\/gorinacloth.es\/fr\/#organization"},"potentialAction":[{"@type":"SearchAction","target":{"@type":"EntryPoint","urlTemplate":"https:\/\/gorinacloth.es\/fr\/?s={search_term_string}"},"query-input":{"@type":"PropertyValueSpecification","valueRequired":true,"valueName":"search_term_string"}}],"inLanguage":"fr-FR"},{"@type":"Organization","@id":"https:\/\/gorinacloth.es\/fr\/#organization","name":"Gorina Cloth","url":"https:\/\/gorinacloth.es\/fr\/","logo":{"@type":"ImageObject","inLanguage":"fr-FR","@id":"https:\/\/gorinacloth.es\/fr\/#\/schema\/logo\/image\/","url":"https:\/\/gorinacloth.es\/wp-content\/uploads\/logo-gorina-white.svg","contentUrl":"https:\/\/gorinacloth.es\/wp-content\/uploads\/logo-gorina-white.svg","width":143,"height":53,"caption":"Gorina Cloth"},"image":{"@id":"https:\/\/gorinacloth.es\/fr\/#\/schema\/logo\/image\/"}}]}</script>
<!-- / Yoast SEO plugin. -->

Politique de confidentialité - Gorina Cloth

Conformément au règlement (UE) 2016/679 (règlement général sur la protection des données - RGPD) et à la loi organique 3/2018 sur la protection des
